*s**2 + 4*s + 3. What is the remainder when p(-4) is divided by 1/((18/r)/(-9))?
9
Suppose -5*n + 0*l = l - 48, -l - 32 = -3*n. Suppose 14 = 5*x - 6. Calculate the remainder when n is divided by x.
2
Suppose -4*s + 3*n = -109, s - 33 = -3*n + 13. Suppose -30 = -3*p + 3. What is the remainder when s is divided by p?
9
Suppose 5*y - 40 = -3*f, -f + y + 12 = 2*y. Let p = -2 + 17. Let v = p - f. What is the remainder when v is divided by 2?
1
Let n be ((-12)/9)/((-1)/3). Suppose -14 = -n*p + 70. Calculate the remainder when 60 is divided by p.
18
Suppose w - 1 = 9. Let g = 12 + 16. What is the remainder when g is divided by w?
8
Let c(v) = v - 3. What is the remainder when 9 is divided by c(9)?
3
Let p = -4 + -84. Calculate the remainder when p/10*(-5 + 0) is divided by 15.
14
Suppose 0 = 3*z - 6*z + 15. Calculate the remainder when (0/(-1) + -1)*-14 is divided by z.
4
Suppose -p + 15 = 5*y - 0*p, -12 = -4*y + p. Let j = -9 + 4. Let d = j + 12. What is the remainder when d is divided by y?
1
Suppose a = -0*a + 45. Let b be ((-22)/3)/((-1)/3). Let y = a - b. Calculate the remainder when 67 is divided by y.
21
Let b(x) = -2*x + 29. Calculate the remainder when 16 is divided by b(10).
7
Suppose -2*w + 6*w - 2*i - 74 = 0, 0 = -i + 1. What is the remainder when 74 is divided by w?
17
Let j be (6 - 0)*1 - -3. Suppose l + 2*l - j = 0. What is the remainder when 9 is divided by l?
0
Suppose -4*r = 131 - 435. Calculate the remainder when r is divided by 11.
10
Let w(l) = -6*l + 32. Calculate the remainder when w(-9) is divided by 29.
28
Let u be 17 + (-1 - 1)/1. What is the remainder when 12 is divided by 99/u + (-4)/(-10)?
5
Let x(g) = -3*g**2 - g + 1. Let y be x(1). Let s be (-6 - y)*23/3. Let l = s + 32. Calculate the remainder when 16 is divided by l.
7
Let u(b) = -b**2 - 23*b - 3. Calculate the remainder when u(-16) is divided by 22.
21
Suppose 0 = t - 10 - 9. Calculate the remainder when t is divided by 1*-1*(-1 + -6).
5
What is the remainder when 12 - -2 - (6 + -8) is divided by 15?
1
Suppose 6*t - 2*t - 8 = 0. Let b = 7 + -5. Let r(v) = v**3 - 3*v + 1. What is the remainder when r(b) is divided by t?
1
Let w(x) = 68*x**2 + x. Let g be (-3)/(-1)*3/9. Calculate the remainder when w(g) is divided by 24.
21
Let t = 3 - 0. Suppose t*y + l - 55 = 0, y - 2*l - 27 = 2*l. Calculate the remainder when y is divided by 10.
9
Let m(u) = u**3 - 4*u**2 + 3*u - 6. Suppose 0 = -4*d + 4*q + 4, -6 = -3*q + 6. Calculate the remainder when m(d) is divided by 9.
7
Suppose -21 = -3*d + 5*g, -4*d = 3*g - 0*g - 57. Let j = -10 + d. Calculate the remainder when 7 is divided by j.
1
Let o(j) = j**2 + 4*j. Let x be o(-3). Let u(p) = p**3 + 7*p**2 + 4*p + 3. Calculate the remainder when u(x) is divided by 10.
7
Suppose 4*s = -52 + 180. Suppose 0 = 5*z - 133 - 172. Calculate the remainder when z is divided by s.
29
Let h(v) = -v + 3*v - 3*v + 4*v + 3. Calculate the remainder when 88 is divided by h(5).
16
Suppose 0*u + 3 = 3*u. Let d be (15 + -1)/(u/8). Suppose 8 = 3*b - d. Calculate the remainder when b is divided by 14.
12
Suppose -2*g = -g - f - 3, 5 = -f. Let m = g - -4. Suppose 3*w = 15, -w = -0*h + m*h - 49. What is the remainder when h is divided by 12?
10
Let b = 14 + 9. Let v = b - 7. Suppose -k - k = -v. Calculate the remainder when k is divided by 3.
2
Suppose 2*q - 7*q = 0. Suppose -100 = -q*c - 4*c. Suppose 0*i + 5*i = c. Calculate the remainder when 13 is divided by i.
3
Let o(p) = 4*p**2 + 12*p - 1. Let v(m) = m**2. Let l(a) = -o(a) + 3*v(a). What is the remainder when l(-9) is divided by 15?
13
Suppose -8 = 2*b - 4*b. Calculate the remainder when 9 - 0 - (-5 - -7) is divided by b.
3
Suppose 5*p + 3*o = -o + 610, -o - 122 = -p. Calculate the remainder when p is divided by 41.
40
Suppose -13*m = m - 154. Calculate the remainder when 65 is divided by m.
10
Suppose 236 = 5*q + 4*o, 3*o = 5*q - 9*q + 189. What is the remainder when 188 is divided by q?
44
Let r = 38 - 28. Let x(j) = -j**2 + 8*j - 8. Let t be x(7). Let q(d) = -20*d - 1. Calculate the remainder when q(t) is divided by r.
9
Suppose 2*h + 3*h + 18 = 4*d, 3*h - 41 = -5*d. What is the remainder when d is divided by 3?
1
Suppose 2*p + 101 = 3*q, -4*q - 39 = -5*q + 2*p. What is the remainder when q is divided by 16?
15
Suppose 0*z = -5*a - 4*z + 20, 4*a + z - 27 = 0. Suppose -2 - a = -2*b. What is the remainder when 9 is divided by b?
4
Let i be 7/2*4 - 1. Let h = i + 1. What is the remainder when 53 is divided by h?
11
Suppose 139 - 5 = 2*w. What is the remainder when w is divided by 35?
32
Suppose -2*t - 4 = -4*t, -s - 4*t = -14. Suppose -2*q = 10, 5*q - 8 - 1 = -2*l. Calculate the remainder when l is divided by s.
5
Let b = 50 + -26. Calculate the remainder when 71 is divided by b.
23
Let h = 0 + 1. Suppose u = -2*w - 3*w + 7, 2*u - 3*w = h. Suppose -5*t + 8 = -2. What is the remainder when t is divided by u?
0
Let a = 2 + -2. Suppose -5*w + 41 + 14 = a. What is the remainder when w is divided by 4?
3
Suppose 2*l - 79 = 27. Calculate the remainder when l is divided by 18.
17
Let b(k) = k - 4. Let v be b(4). Let y = v + -4. What is the remainder when 4 is divided by (2/5)/(y/(-20))?
0
Let a = 1 + 2. Suppose -a*u = 16 + 8. What is the remainder when 16 is divided by ((-6)/u)/(1/8)?
4
Suppose -g - 2*o + 7*o = 18, 28 = 4*g + 5*o. Let x = 5 - g. Let b = x - -6. What is the remainder when b is divided by 5?
4
Let x(k) = -k**3 + 6*k**2 - 6*k + 3. Let t be x(5). Let d(w) = 10*w - 2. Let h be d(-4). Calculate the remainder when 11 is divided by t/(-11) - h/11.
3
Suppose 25 = n + 4*o, n - 31 = o + o. Suppose -55 = -3*a + n. Suppose 3*p + p - 67 = -5*i, -5*p - 10 = 0. Calculate the remainder when a is divided by i.
13
Suppose -z - 16 = -3*k, -2*k - z = 2*k - 19. Calculate the remainder when 0 - 0 - -1 - -39 is divided by (6 - k)/((-2)/(-28)).
12
Let k(s) = 2*s - 36. Calculate the remainder when 36 is divided by k(23).
6
Let h = 4 + 0. Suppose 4*u - 30 = 5*g - 1, -g + 25 = 2*u. Suppose z = -v + 15, -h*v + 73 - u = 5*z. What is the remainder when 25 is divided by v?
12
Suppose -2*p = -3*w - 34, 4*p + w - 80 = 4*w. Let v(d) = 7*d - 2. Let j be v(-2). Let c = j + 29. What is the remainder when p is divided by c?
10
Suppose 0 = -5*f - 2*p + 4*p + 153, -5*f = -p - 154. Calculate the remainder when f is divided by 17.
14
Calculate the remainder when 90 is divided by (-6)/(-39) - 1782/(-78).
21
Suppose 9*c + 65 = 14*c. Let y = -6 + c. What is the remainder when y is divided by 4?
3
What is the remainder when 3 is divided by (-4)/6*(-6)/4?
0
Let k = 25 - 24. What is the remainder when 3 is divided by k?
0
Suppose 5*o + v + 18 = 0, 0*v = -3*o + 3*v. Calculate the remainder when -20*(-1 + o/15) is divided by 9.
6
Suppose -v - 2*u - 6 = 0, 3*v = 2*u + 2*u + 32. What is the remainder when 9 is divided by v?
1
Let z(v) be the second derivative of -v**3/6 - 2*v**2 + v. Suppose o + 1 = -o + 5*j, 0 = -4*o + j - 29. What is the remainder when 6 is divided by z(o)?
2
Suppose 3*u - 3*g - 27 = g, 2*u = -5*g - 5. Suppose -u = -5*p + 5. Suppose -10 = 5*v - 25. Calculate the remainder when v is divided by p.
1
Suppose -3*n = -7 - 23. Suppose y = -4, -5*o = 2*y - 0*y - 37. Suppose -o = -3*r + 9. What is the remainder when n is divided by r?
4
Calculate the remainder when 21 is divided by 3/5 + 4/((-160)/(-296)).
5
Let q(i) = -2*i - 5. Let t be q(-4). What is the remainder when (-124)/(-12) - (-2)/t is divided by 4?
3
Suppose 8*x = 3*x + 30. Suppose -80 = 12*g - 17*g. Calculate the remainder when g is divided by x.
4
Suppose -n + 6*n - k = 53, 5*n - 51 = 2*k. What is the remainder when 20 is divided by n?
9
Let j = -8 + -1. Let x = j + 15. Let o(w) = -3*w + 1. What is the remainder when o(-3) is divided by x?
4
Suppose w - 3*n = 2*w - 2, 5*w + 3*n - 22 = 0. Suppose 3*i - w*a = 34, -4*a + 34 = -i + 2*i. What is the remainder when i is divided by 7?
4
Let w = -5 + 39. Let i(g) = -8*g**2 + 2*g - 1. Let p be i(1). Let t = p + 25. What is the remainder when w is divided by t?
16
Suppose -6*b + 67 = -269. Calculate the remainder when b is divided by 19.
18
Let g = 10 - -14. What is the remainder when g is divided by 13?
11
Let q = 5 + -12. Let c(i) = -5*i + 3. Let w be c(q). Suppose -4*x + 22 = -w. What is the remainder when 43 is divided by 